2) + -6
7
What is the value of -1 - ((102 - 108) + 1 + 8)?
-4
-6 - (1 + (5 - 0) + -4)
-8
What is (6 - 6) + 9 + -2 + -5?
2
Calculate 7 - (-2 + (9 - 1)).
1
-3 + 9 + (-2 - 1)
3
Calculate (0 - 1) + 1 + 5.
5
(-4 - -5) + 6 - 4
3
Calculate -1 - 0 - (27 - 25).
-3
7 - (-7 - -3) - 12
-1
What is the value of 8 + 0 + -2 + -4 + 2?
4
Calculate -2 + (-34 + 32 - (-2 + -1)).
-1
3 + 2 + 1 + (2 - 8)
0
Evaluate (0 - (-3 + (-1 - 3))) + -13.
-6
(2 - 1) + -4 + 7
4
What is 3 - ((-2 + -3 - 0) + 3)?
5
What is 5 + (14 - (30 + -10))?
-1
5 + 0 + -3 + (14 - 12)
4
What is (3 - (0 - (-8 + 3))) + 1?
-1
Calculate 1 - (0 - 1 - (-1 - -2)).
3
What is 3 + (-11 + 3 - (4 - 11))?
2
-13 - (-10 - 9 - 1)
7
What is the value of 1 + 1 + -3 + (3 - 6)?
-4
Evaluate 0 - -3 - -3 - 3.
3
2 - (0 + -1 + 2 + -2)
3
Evaluate (-5 - -5) + (7 - 12).
-5
(-1 - -3) + (-3 - 4)
-5
-2 - (-3 - (3 + -2 + -4))
-2
Calculate 1 + 1 + -1 + 1.
2
What is 7 + -21 - -15 - (0 - -6)?
-5
22 + -13 + (-6 - 1)
2
What is -1 - ((1 - (-2 + 2)) + -1)?
-1
What is the value of (-2 + 20 - 10) + 1 + -5?
4
-5 + -2 - (3 - 10)
0
2 - (1 + 3) - 0
-2
What is the value of 4 + -7 + 4 + 1 + -3?
-1
Evaluate (-46 - -42) + (0 - -6).
2
What is the value of -1 + 14 + -17 + (-2 - 1)?
-7
What is 0 - 0 - (5 + -4)?
-1
Calculate -2 - (-9 + 8 - -3).
-4
What is the value of (7 - (-4 - -11)) + -3?
-3
What is the value of -7 + 1 + (7 - 3)?
-2
What is the value of -1 - (-10 + 5 + -1)?
5
What is the value of -29 + 42 + -2 + 1 - 3?
9
What is the value of -7 + 8 + (-1 - -1) + 3?
4
What is the value of 0 + 0 + 0 - (27 + -32)?
5
What is the value of 11 + (-10 - -15 - 8)?
8
Calculate (0 + 2 - 6) + -26 + 28.
-2
What is -4 + (-3 - (1 + -3))?
-5
What is the value of 3 + (5 - (3 + 0)) + 0?
5
What is the value of -18 - -17 - (-4 + -6)?
9
Evaluate -1 - -11 - 4 - (-1 + 7).
0
Calculate -1 + (-2 - 1) - (6 + -10).
0
(-2 - -2) + 3 + -2 - 1
0
Evaluate -1 - (-1 + 3 - 4).
1
Calculate -9 + (5 - -6) - 7.
-5
What is (1 - (0 + -6)) + (-4 - -4)?
7
1 + 2 + 3 + 0 + -8
-2
5 + (-1 - 5 - (1 - 6))
4
Evaluate (-5 + 3 - 3) + 9.
4
Evaluate -36 + 42 - (1 - (-3 + 1)).
3
What is the value of -2 - -1 - (-2 - -3)?
-2
What is the value of -2 + 4 + -5 + 1 - 2?
-4
Calculate (12 - (22 + -9)) + -7 + 2.
-6
Evaluate (-5 - -4) + (2 - 1).
0
What is -4 - (-8 - -2 - -1)?
1
Calculate -5 + 5 - (-5 - -1).
4
What is the value of -11 + 14 - (1 + 6)?
-4
Evaluate 5 - (0 - (-1 + 1)).
5
(-18 - -16) + 0 + 6
4
Evaluate 1 + (4 - (8 + -3)).
0
(95 - 92) + (-1 - (3 + -2))
1
Calculate (1 - 1) + 3 + -17 + 9.
-5
Evaluate (4 - -2) + -2 - -1.
5
Calculate -2 + (3 + 0 - (-3 + 3)).
1
What is (2 - 6) + 3 + (-5 - -1)?
-5
What is -7 + (4 - -1 - (6 - 11))?
3
What is -1 + 4 + (23 - (23 - -4))?
-1
4 + -2 + -1 + -6
-5
What is the value of 7 + -7 + -3 - 1?
-4
What is the value of (1 - 12) + 10 - (0 + 5)?
-6
Calculate 2 - 3 - -1 - 2.
-2
Evaluate -2 - (-8 + (-6 - -9) - -7).
-4
What is the value of 2 + -4 - (-6 + -1 + -1)?
6
Evaluate 8 - (5 - 3 - -2) - 1.
3
Calculate -5 + (-9 - (-5 + -8)).
-1
What is -4 + (5 - (0 - (-1 + 1)))?
1
Evaluate 66 - 60 - (-1 + 15).
-8
What is the value of (0 - 2) + 6 + -3?
1
Evaluate (-6 - -2 - 3) + 5.
-2
Evaluate 3 - 1 - (2 + -5 + 3).
2
What is 10 + (3 - -3 - 10) + -5?
1
8 + -2 - (8 + -6 + 0)
4
What is the value of 4 + (3 - 2) + -4?
1
(-4 - 2) + 6 + 4
4
Evaluate 3 + -2 - (-28 + 33).
-4
What is (1 - -5 - 5) + -4?
-3
Calculate (0 - (-5 + 8)) + 4 + -2.
-1
What is the value of 2 + (4 - -13) + -14?
5
Evaluate 2 + -1 + 12 + -10.
3
Evaluate -11 + -9 + 9 + 7.
-4
Evaluate -5 - (8 + -5 + -11).
3
9 + -5 + (-2 - 9) - -3
-4
(11 - 22) + 16 - (2 + 2)
1
What is (-1 - 20) + (201 - 187)?
-7
Calculate -2 - -1 - (-7 - -6 - -5).
-5
(9 - 0) + (1 - 7)
3
Evaluate (6 - (4 - -4)) + -7.
-9
Evaluate 2 - (3 - -2 - 2).
-1
What is the value of 2 - (4 - (4 + -2))?
0
Calculate 14 - -2 - (69 - 63).
10
-6 - (-3 + -2) - 4 - -5
0
15 + (-5 - (-7 - -12 - 3))
8
Calculate 4 + 0 - 3 - -4.
5
2 - (9 + (-11 - -8))
-4
7 + 1 + -2 - (-4 + 5)
5
Calculate 196 - 189 - (0 + 2 + 10).
-5
What is -12 - -2 - (-5 + 1)?
-6
Evaluate 0 + 0 + 0 + 4 + -1.
3
(5 - 5) + 0 + 5
5
What is the value of (-1 - -2) + -6 + 4?
-1
What is the value of 6 - (-2 + 6 - 1)?
3
Calculate 17 - 17 - (-2 - (0 + 1)).
3
What is the value of 1 + -3 + (0 - 1)?
-3
Calculate (-2 - -2) + -2 + -2 + -1.
-5
-1 + -4 + 3 + -2 - -9
5
Calculate (-10 - -4 - -7) + -1.
0
What is 6 + -14 + (-3 - -6)?
-5
What is -7 + (-1 - -1 - (7 - 9))?
-5
What is -18 + 21 + (-2 - 1)?
0
What is the value of 1 + -7 + 0 + 8?
2
What is the value of -3 - (3 - 3 - 3) - 4?
-4
Calculate 7 - 0 - (0 - -5 - 6).
8
(3 - 3 - 1) + 2 + -3
-2
Evaluate 5 - 6 - (0 - (-1 + -1)).
-3
Calculate (-1 - -4) + 0 + 2.
5
Evaluate -2 + (5 - -2) + -4.
1
Calculate (-3 - -1) + -9 + 6 + 8.
3
-15 + 7 + 7 + 2
1
What is the value of (14 - -5) + -8 + -5 + 2?
8
What is the value of (17 - 13) + (0 - 5) + -4?
-5
What is 12 + -10 + 1 + 4?
7
Evaluate (-3 - -1) + 0 + -2.
-4
(-7 - -2) + (-10 - -16)
1
-8 + 11 + 2 - 11
-6
(0 - (-2 + 11)) + 4
-5
Calculate 115 - 122 - (-1 - 14).
8
Calculate 8 + (8 - 18) + 8.
6
Evaluate -3 - (-1 - (-2 + 4 - -3)).
3
Calculate 7 - (-11 - -21) - -10.
7
5 - -2 - (1 + 6)
0
5 - 1 - 4 - (11 + -1)
-10
What is -4 - (-3 - 6) - 4?
1
Evaluate 14 - 13 - (3 - (-2 - 1)).
-5
What is the value of -4 + (11 - (-1 + 5 + -2))?
5
Evaluate 3 + 10 - (10 + -1).
4
Calculate (-2 - (-11 + 4)) + -7 + -6.
-8
Evaluate 7 + -1 + -1 + 1 + -1.
5
What is the value of 0 + 2 + (45 - 45)?
2
Calculate -19 + 3 + 51 + -45.
-10
(1 - (0 + -4)) + -10
-5
Evaluate 2 - (-2 - -13) - (-10 - -5).
-4
(24 - 32) + 4 + 2
-2
Calculate -5 - (5 + -8 + -4) - -1.
3
-6 - (-2 - (2 + 1))
-1
Evaluate -3 + -1 + 0 - -5.
1
Evaluate -2 + 0 + 1 + (5 - 2).
2
Calculate (1 - 0) + 7 - (-1 - -3).
6
6 + (-4 - -3) + -4 + 6
7
What is -16 + 6 - (-1 - 3)?
-6
7 + (10 - 6) + -6
5
(-2 - 5 - 0) + 3 + 0
-4
What is the value of 1 + 0 + (6 - (6 - -3))?
-2
(0 - -2) + (-41 - -39)
0
Calculate 4 + -1 - (9 + -20 - -15).
-1
What is 0 - 0 - 1 - (-15 + 9)?
5
What is (13 - 6) + (-3 - -1)?
5
Evaluate -8 + 2 + (-1 - -5).
-2
9 + -4 + -8 + 6
3
Evaluate 0 - (6 + -2) - -2.
-2
What is 6 - (7 + -5 + 2) - -3?
5
What is 5 + -7 + 3 + 5 + -4?
2
What is 18 - 14 - (-2 - -1 - -3)?
2
(-2 - (-4 - -4)) + (0 - -4)
2
What is 3 + (3 - (3 - (-2 - -3)))?
4
What is the value of 5 + (-5 - 0 - -3) + -7?
-4
Evaluate 1 + -3 + -5 + 2.
-5
Evaluate -8 + 2 + 1 + 3 + 6.
4
What is the value of -1 - (1 - (-3 + 9))?
4
Evaluate -10 + -6 + (-5 + 16 - 1).
-6
Evaluate -4 - 2 - -3 - -1.
-2
What is the value of (4 - 6) + 1 + 2 + 0?
1
Evaluate 16 + -12 + (0 - -2) + -6.
0
What is the value of 0 + -3 - (0 + 0 - 0)?
-3
1 + (0 - (3 + -1))
-1
What is (2 - (1 - 2)) + 3 + -10?
-4
(8 - 10) + -7 + 10
1
Calculate 4 - 3 - (-10 - -6).
5
What is (7 - 5) + (0 + 5 - 0)?
7
What is 4 + -4 + 2 - 5?
-3
What is (0 - 5) + 8 + -5?
-2
Calculate -2 - (4 + (-4 - 7)) - 8.
-3
What is the value of (3 - 3) + 0 - (5 - 5)?
0
Calculate ((-5 - 1) + 0 - -2) + -2.
-6
What is 15 - 16 - (3 - 2)?
-2
-6 + (5 - 3) + 4
0
Evaluate 4 - (-2 + 3 - -4).
-1
What is (2 - (-2 - -4) - -2) + 1?
3
Calculate (2 + 0 - (3 - 4)) + 1.
4
4 - (2 + 0) - 7
-5
What is the value of (2 - 3 - -3) + 2?
4
What is the value of -8 + (6 - 3 - -4) + -4?
-5
What is the value of -6 + (2 - 1) + 5?
0
Evaluate (2 - 1) + 27 + -34.
-6
What is 2 + -3 + 3 - 7?
-5
What is the value of 3 + -4 + 7 + 2?
8
Evaluate -3 - ((9 - 3) + -15).
6
Evaluate -1 + 0 + 4 + -3 + 0.
0
Calculate -6 - (-14 + 12 + -1 + -2).
-1
What is the value of 0 + -3 + 4 + -4 - -2?
-1
Calculate 1 + -2 - (-2 + 0 + 3).
-2
Calculate -5 + (1 - -5) - 1.
0
What is the value of 5 - (3 + (2 - 6))?
6
What is the value of (-4 - -2) + (-1 - -8) - 0?
5
What is (3 - (2 - 4)) + -4?
1
Evaluate 17 - (5 + -9) - 12.
9
Calculate 5 + -4 + 3 + -10 + 6.
0
Calculate 6 - 6 - 1 - -5.
4
Evaluate (62 - 51) + -18 + -1.
-8
What is 0 + 4 + (-2 - 0)?
2
What is (33 - 27) + -11 + -3?
-8
What is -1 + 0 - -3 - (-1 + -3)?
6
What is the value of (4 - 3) + (-3 - (0 + -2))?
0
What is the value of -14 + 17 + 0 + 1 + -9?
-5
Evaluate 2 + -2 + -8 - (0 + -3).
-5
What is -4 + -3 - 1 - -13?
5
Evaluate 4 - (3 - -1 - 4).
4
Evaluate -5 + 7 + 2 - (0 + -2).
6
What is the value of 6 - 4 - ((-7 - -5) + 2)?
2
What is 5 + 0 - (-3 - -4)?
4
Evaluate -5 - (-4 + 0 + -2 + 5).
-4
What is (8 - (-6 + 8)) + -4?
2
Evaluate 3 + (-3 - -5 - 8).
-3
What is